{"id":630,"date":"2024-07-14T15:36:33","date_gmt":"2024-07-14T13:36:33","guid":{"rendered":"https:\/\/enfantzatypiques.org\/?page_id=630"},"modified":"2024-07-29T09:05:36","modified_gmt":"2024-07-29T07:05:36","slug":"hypnotherapie","status":"publish","type":"page","link":"https:\/\/enfantzatypiques.org\/index.php\/hypnotherapie\/","title":{"rendered":"Hypnoth\u00e9rapie"},"content":{"rendered":"\t\t<div data-elementor-type=\"wp-page\" data-elementor-id=\"630\" class=\"elementor elementor-630\">\n\t\t\t\t<div class=\"elementor-element elementor-element-5cd2fc2 e-flex e-con-boxed e-con e-parent\" data-id=\"5cd2fc2\" data-element_type=\"container\" data-e-type=\"container\">\n\t\t\t\t\t<div class=\"e-con-inner\">\n\t\t\t\t<div class=\"elementor-element elementor-element-8ffad60 elementor-widget elementor-widget-text-editor\" data-id=\"8ffad60\" data-element_type=\"widget\" data-e-type=\"widget\" data-widget_type=\"text-editor.default\">\n\t\t\t\t<div class=\"elementor-widget-container\">\n\t\t\t\t\t\t\t\t\t<p>L&rsquo;hypnoth\u00e9rapie pour votre enfant est une forme de th\u00e9rapie qui utilise l&rsquo;hypnose pour aider votre enfant \u00e0 surmonter divers d\u00e9fis \u00e9motionnels, psychologiques et physiques. Elle repose sur l&rsquo;utilisation d&rsquo;\u00e9tats de relaxation et de concentration ce qui peut favoriser des changements positifs dans le comportement et le bien-\u00eatre de votre enfant.<\/p><p><img fetchpriority=\"high\" decoding=\"async\" class=\"size-large wp-image-906 aligncenter\" src=\"http:\/\/enfantzatypiques.org\/wp-content\/uploads\/2024\/07\/Hypnotherapie-676x1024.jpg\" alt=\"Hypnoth\u00e9rapie\" width=\"676\" height=\"1024\" srcset=\"https:\/\/enfantzatypiques.org\/wp-content\/uploads\/2024\/07\/Hypnotherapie-676x1024.jpg 676w, https:\/\/enfantzatypiques.org\/wp-content\/uploads\/2024\/07\/Hypnotherapie-198x300.jpg 198w, https:\/\/enfantzatypiques.org\/wp-content\/uploads\/2024\/07\/Hypnotherapie-768x1164.jpg 768w, https:\/\/enfantzatypiques.org\/wp-content\/uploads\/2024\/07\/Hypnotherapie-200x303.jpg 200w, https:\/\/enfantzatypiques.org\/wp-content\/uploads\/2024\/07\/Hypnotherapie.jpg 789w\" sizes=\"(max-width: 676px) 100vw, 676px\" \/><\/p><p><strong><em>Qu&rsquo;est-ce que l&rsquo;hypnoth\u00e9rapie ?<\/em><\/strong><\/p><p>L&rsquo;hypnoth\u00e9rapie implique l&rsquo;induction d\u2019un \u00e9tat de relaxation profonde et de concentration o\u00f9 votre enfant est plus ouvert aux suggestions. Contrairement aux id\u00e9es re\u00e7ues, l&rsquo;hypnose n&rsquo;est pas un \u00e9tat de sommeil mais plut\u00f4t un \u00e9tat de pleine conscience. Votre enfant, avec son imagination active et sa capacit\u00e9 naturelle \u00e0 entrer dans des \u00e9tats de jeu et de r\u00eaverie, est souvent particuli\u00e8rement r\u00e9ceptif \u00e0 l&rsquo;hypnose.<\/p><p>\u00a0<\/p><p><img decoding=\"async\" class=\"alignnone size-large wp-image-907\" src=\"http:\/\/enfantzatypiques.org\/wp-content\/uploads\/2024\/07\/hypnotherapie-2-1024x810.jpg\" alt=\"Hypnoth\u00e9rapie\" width=\"768\" height=\"608\" srcset=\"https:\/\/enfantzatypiques.org\/wp-content\/uploads\/2024\/07\/hypnotherapie-2-1024x810.jpg 1024w, https:\/\/enfantzatypiques.org\/wp-content\/uploads\/2024\/07\/hypnotherapie-2-300x237.jpg 300w, https:\/\/enfantzatypiques.org\/wp-content\/uploads\/2024\/07\/hypnotherapie-2-768x608.jpg 768w, https:\/\/enfantzatypiques.org\/wp-content\/uploads\/2024\/07\/hypnotherapie-2-200x158.jpg 200w, https:\/\/enfantzatypiques.org\/wp-content\/uploads\/2024\/07\/hypnotherapie-2.jpg 1097w\" sizes=\"(max-width: 768px) 100vw, 768px\" \/><\/p><p>\u00a0<\/p><p><strong><em>Pour quels maux pratiquer l\u2019hypnoth\u00e9rapie <\/em><\/strong><\/p><ol><li><strong> <em><u>Gestion de la douleur et des sympt\u00f4mes physiques<\/u><\/em><\/strong><\/li><\/ol><ul><li><strong><em>Douleurs chroniques<\/em><\/strong> : L&rsquo;hypnoth\u00e9rapie peut aider \u00e0 r\u00e9duire la perception de la douleur chez votre enfant souffrant de conditions chroniques comme les maux de t\u00eate, les douleurs abdominales ou les douleurs li\u00e9es \u00e0 des maladies chroniques.<\/li><li><strong><em>Sympt\u00f4mes physiques li\u00e9s au stress<\/em><\/strong> : L&rsquo;hypnose peut \u00eatre utilis\u00e9e pour att\u00e9nuer des sympt\u00f4mes physiques tels que les naus\u00e9es, les vomissements ou les troubles du sommeil caus\u00e9s par le stress et l&rsquo;anxi\u00e9t\u00e9.<\/li><\/ul><ol start=\"2\"><li><strong> <em><u>Probl\u00e8mes \u00e9motionnels et comportementaux<\/u><\/em><\/strong><\/li><\/ol><ul><li><strong><em>Anxi\u00e9t\u00e9 et stress<\/em><\/strong> : Les techniques hypnotiques comme l\u2019autohypnose, peuvent aider votre enfant \u00e0 apprendre des moyens de relaxation et de gestion de l&rsquo;anxi\u00e9t\u00e9.<\/li><li><strong><em>Phobies et peurs<\/em><\/strong> : L&rsquo;hypnoth\u00e9rapie peut \u00eatre efficace pour traiter des phobies sp\u00e9cifiques, comme la peur de l&rsquo;eau, des animaux, ou de la prise de parole en public.<\/li><li><strong><em>Troubles du comportement<\/em><\/strong> : Elle peut aider aussi \u00e0 modifier des comportements probl\u00e9matiques, comme l&rsquo;agressivit\u00e9, l&rsquo;hyperactivit\u00e9 ou les habitudes li\u00e9es \u00e0 la nourriture.<\/li><\/ul><ol start=\"3\"><li><strong> <em><u>Am\u00e9lioration des performances scolaires et sportives<\/u><\/em><\/strong><\/li><\/ol><ul><li><strong><em>Concentration et m\u00e9moire<\/em><\/strong> : L&rsquo;hypnoth\u00e9rapie peut aider \u00e0 am\u00e9liorer la concentration, la m\u00e9moire et les performances scolaires en favorisant un \u00e9tat de calme et de concentration.<\/li><li><strong><em>Performance sportive<\/em><\/strong> : Elle peut \u00eatre utilis\u00e9e \u00e9galement pour aider les jeunes athl\u00e8tes \u00e0 am\u00e9liorer leur performance, \u00e0 surmonter le trac et \u00e0 visualiser le succ\u00e8s.<\/li><\/ul><p><strong><em>\u00a0<\/em><\/strong><\/p><p><strong><em>Comment se d\u00e9roule une s\u00e9ance d&rsquo;hypnoth\u00e9rapie pour votre enfant ?<\/em><\/strong><\/p><p><img decoding=\"async\" class=\"alignnone size-large wp-image-908\" src=\"http:\/\/enfantzatypiques.org\/wp-content\/uploads\/2024\/07\/Hypnotherapie-3-1024x586.jpg\" alt=\"Hypnoth\u00e9rapie\" width=\"768\" height=\"440\" srcset=\"https:\/\/enfantzatypiques.org\/wp-content\/uploads\/2024\/07\/Hypnotherapie-3-1024x586.jpg 1024w, https:\/\/enfantzatypiques.org\/wp-content\/uploads\/2024\/07\/Hypnotherapie-3-300x172.jpg 300w, https:\/\/enfantzatypiques.org\/wp-content\/uploads\/2024\/07\/Hypnotherapie-3-768x440.jpg 768w, https:\/\/enfantzatypiques.org\/wp-content\/uploads\/2024\/07\/Hypnotherapie-3-200x115.jpg 200w, https:\/\/enfantzatypiques.org\/wp-content\/uploads\/2024\/07\/Hypnotherapie-3.jpg 1217w\" sizes=\"(max-width: 768px) 100vw, 768px\" \/><\/p><p>Je commencerai par une \u00e9valuation approfondie des besoins de votre enfant, incluant des discussions avec les parents et, si n\u00e9cessaire, avec d&rsquo;autres professionnels de la sant\u00e9.<\/p><p>Utilisant des techniques adapt\u00e9es \u00e0 l&rsquo;\u00e2ge de votre enfant, telles que des histoires, des m\u00e9taphores ou des jeux, je guiderai votre enfant vers un \u00e9tat de relaxation. Vos enfants peuvent \u00eatre invit\u00e9s \u00e0 imaginer des endroits paisibles ou \u00e0 se concentrer sur des sensations agr\u00e9ables.<\/p><p>Une fois la concentration atteinte, j\u2019utiliserai des suggestions positives et des visualisations pour aborder les probl\u00e8mes sp\u00e9cifiques de votre enfant.<\/p><p>Apr\u00e8s la phase de concentration, votre enfant reviendra \u00e0 un \u00e9tat de pleine pr\u00e9sence. Une discussion suit pour \u00e9valuer les sensations de votre enfant.<\/p><p><strong><em>Avantages de l&rsquo;hypnoth\u00e9rapie pour votre enfant\u00a0<\/em><\/strong><\/p><ul><li><strong>Approche non invasive<\/strong> : L&rsquo;hypnoth\u00e9rapie est une m\u00e9thode douce qui ne n\u00e9cessite pas de m\u00e9dicaments.<\/li><li><strong>Engagement de l&rsquo;imagination<\/strong> : Les enfants trouvent souvent l&rsquo;hypnose amusante et engageante gr\u00e2ce \u00e0 l&rsquo;utilisation d&rsquo;images et d&rsquo;histoires.<\/li><li><strong>R\u00e9sultats rapides<\/strong> : Beaucoup d&rsquo;enfants r\u00e9pondent rapidement \u00e0 l&rsquo;hypnoth\u00e9rapie, souvent apr\u00e8s quelques s\u00e9ances seulement.<\/li><li><strong>Outils <\/strong>: L&rsquo;hypnoth\u00e9rapie donne aux enfants des outils qu&rsquo;ils peuvent utiliser pour se d\u00e9tendre et g\u00e9rer le stress.<\/li><\/ul><p>L&rsquo;hypnoth\u00e9rapie doit souvent \u00eatre utilis\u00e9e en compl\u00e9ment d&rsquo;autres formes de traitement et de soutien, comme avec le Neurofeedback.<\/p><p>L&rsquo;hypnoth\u00e9rapie pour enfants peut \u00eatre une technique efficace et bien tol\u00e9r\u00e9e pour traiter une vari\u00e9t\u00e9 de probl\u00e8mes \u00e9motionnels, comportementaux et physiques. En utilisant l&rsquo;imagination et la r\u00e9ceptivit\u00e9 naturelle des enfants, cette m\u00e9thode permet de leur fournir des outils pour mieux g\u00e9rer leurs d\u00e9fis et am\u00e9liorer leur bien-\u00eatre g\u00e9n\u00e9ral.<\/p><p>\u00a0<\/p>\t\t\t\t\t\t\t\t<\/div>\n\t\t\t\t<\/div>\n\t\t\t\t\t<\/div>\n\t\t\t\t<\/div>\n\t\t\t\t<\/div>\n\t\t","protected":false},"excerpt":{"rendered":"<p>L&rsquo;hypnoth\u00e9rapie pour votre enfant est une forme de th\u00e9rapie qui utilise l&rsquo;hypnose pour aider votre enfant \u00e0 surmonter divers d\u00e9fis \u00e9motionnels, psychologiques et physiques. Elle repose sur l&rsquo;utilisation d&rsquo;\u00e9tats de relaxation et de concentration ce qui peut favoriser des changements positifs dans le comportement et le bien-\u00eatre de votre enfant. Qu&rsquo;est-ce que l&rsquo;hypnoth\u00e9rapie ? L&rsquo;hypnoth\u00e9rapie [&hellip;]<\/p>\n","protected":false},"author":2,"featured_media":0,"parent":0,"menu_order":0,"comment_status":"closed","ping_status":"closed","template":"","meta":{"_eb_attr":"","footnotes":""},"class_list":["post-630","page","type-page","status-publish","hentry"],"yoast_head":"<!-- This site is optimized with the Yoast SEO plugin v27.4 - https:\/\/yoast.com\/product\/yoast-seo-wordpress\/ -->\n<title>Hypnoth\u00e9rapie - Les enfantZatypiques<\/title>\n<meta name=\"description\" content=\"Hypnoth\u00e9rapie c&#039;est une technique utilis\u00e9e par St\u00e9phanie Fr\u00e9chin pour aider les enfants atypiques \u00e0 s&#039;int\u00e9grer socialement\" \/>\n<meta name=\"robots\" content=\"index, follow, max-snippet:-1, max-image-preview:large, max-video-preview:-1\" \/>\n<link rel=\"canonical\" href=\"http:\/\/enfantzatypiques.org\/index.php\/hypnotherapie\/\" \/>\n<meta property=\"og:locale\" content=\"fr_FR\" \/>\n<meta property=\"og:type\" content=\"article\" \/>\n<meta property=\"og:title\" content=\"Hypnoth\u00e9rapie - Les enfantZatypiques\" \/>\n<meta property=\"og:description\" content=\"Hypnoth\u00e9rapie c&#039;est une technique utilis\u00e9e par St\u00e9phanie Fr\u00e9chin pour aider les enfants atypiques \u00e0 s&#039;int\u00e9grer socialement\" \/>\n<meta property=\"og:url\" content=\"http:\/\/enfantzatypiques.org\/index.php\/hypnotherapie\/\" \/>\n<meta property=\"og:site_name\" content=\"Les enfantZatypiques\" \/>\n<meta property=\"article:modified_time\" content=\"2024-07-29T07:05:36+00:00\" \/>\n<meta property=\"og:image\" content=\"http:\/\/enfantzatypiques.org\/wp-content\/uploads\/2024\/07\/Hypnotherapie-676x1024.jpg\" \/>\n<meta name=\"twitter:card\" content=\"summary_large_image\" \/>\n<meta name=\"twitter:label1\" content=\"Dur\u00e9e de lecture estim\u00e9e\" \/>\n\t<meta name=\"twitter:data1\" content=\"4 minutes\" \/>\n<script type=\"application\/ld+json\" class=\"yoast-schema-graph\">{\"@context\":\"https:\\\/\\\/schema.org\",\"@graph\":[{\"@type\":\"WebPage\",\"@id\":\"http:\\\/\\\/enfantzatypiques.org\\\/index.php\\\/hypnotherapie\\\/\",\"url\":\"http:\\\/\\\/enfantzatypiques.org\\\/index.php\\\/hypnotherapie\\\/\",\"name\":\"Hypnoth\u00e9rapie - Les enfantZatypiques\",\"isPartOf\":{\"@id\":\"http:\\\/\\\/enfantzatypiques.org\\\/#website\"},\"primaryImageOfPage\":{\"@id\":\"http:\\\/\\\/enfantzatypiques.org\\\/index.php\\\/hypnotherapie\\\/#primaryimage\"},\"image\":{\"@id\":\"http:\\\/\\\/enfantzatypiques.org\\\/index.php\\\/hypnotherapie\\\/#primaryimage\"},\"thumbnailUrl\":\"http:\\\/\\\/enfantzatypiques.org\\\/wp-content\\\/uploads\\\/2024\\\/07\\\/Hypnotherapie-676x1024.jpg\",\"datePublished\":\"2024-07-14T13:36:33+00:00\",\"dateModified\":\"2024-07-29T07:05:36+00:00\",\"description\":\"Hypnoth\u00e9rapie c'est une technique utilis\u00e9e par St\u00e9phanie Fr\u00e9chin pour aider les enfants atypiques \u00e0 s'int\u00e9grer socialement\",\"breadcrumb\":{\"@id\":\"http:\\\/\\\/enfantzatypiques.org\\\/index.php\\\/hypnotherapie\\\/#breadcrumb\"},\"inLanguage\":\"fr-FR\",\"potentialAction\":[{\"@type\":\"ReadAction\",\"target\":[\"http:\\\/\\\/enfantzatypiques.org\\\/index.php\\\/hypnotherapie\\\/\"]}]},{\"@type\":\"ImageObject\",\"inLanguage\":\"fr-FR\",\"@id\":\"http:\\\/\\\/enfantzatypiques.org\\\/index.php\\\/hypnotherapie\\\/#primaryimage\",\"url\":\"https:\\\/\\\/enfantzatypiques.org\\\/wp-content\\\/uploads\\\/2024\\\/07\\\/Hypnotherapie.jpg\",\"contentUrl\":\"https:\\\/\\\/enfantzatypiques.org\\\/wp-content\\\/uploads\\\/2024\\\/07\\\/Hypnotherapie.jpg\",\"width\":789,\"height\":1196,\"caption\":\"Hypnoth\u00e9rapie\"},{\"@type\":\"BreadcrumbList\",\"@id\":\"http:\\\/\\\/enfantzatypiques.org\\\/index.php\\\/hypnotherapie\\\/#breadcrumb\",\"itemListElement\":[{\"@type\":\"ListItem\",\"position\":1,\"name\":\"Accueil\",\"item\":\"http:\\\/\\\/enfantzatypiques.org\\\/\"},{\"@type\":\"ListItem\",\"position\":2,\"name\":\"Hypnoth\u00e9rapie\"}]},{\"@type\":\"WebSite\",\"@id\":\"http:\\\/\\\/enfantzatypiques.org\\\/#website\",\"url\":\"http:\\\/\\\/enfantzatypiques.org\\\/\",\"name\":\"Les enfantZatypiques\",\"description\":\"Comment soigner les enfants atypiques ?\",\"publisher\":{\"@id\":\"http:\\\/\\\/enfantzatypiques.org\\\/#\\\/schema\\\/person\\\/8c2673b14bbe39f5978d3c9c517dfebd\"},\"potentialAction\":[{\"@type\":\"SearchAction\",\"target\":{\"@type\":\"EntryPoint\",\"urlTemplate\":\"http:\\\/\\\/enfantzatypiques.org\\\/?s={search_term_string}\"},\"query-input\":{\"@type\":\"PropertyValueSpecification\",\"valueRequired\":true,\"valueName\":\"search_term_string\"}}],\"inLanguage\":\"fr-FR\"},{\"@type\":[\"Person\",\"Organization\"],\"@id\":\"http:\\\/\\\/enfantzatypiques.org\\\/#\\\/schema\\\/person\\\/8c2673b14bbe39f5978d3c9c517dfebd\",\"name\":\"St\u00e9phanie Fr\u00e9chin\",\"image\":{\"@type\":\"ImageObject\",\"inLanguage\":\"fr-FR\",\"@id\":\"https:\\\/\\\/enfantzatypiques.org\\\/wp-content\\\/uploads\\\/2024\\\/07\\\/cropped-logo-stephanie-frechin.jpg\",\"url\":\"https:\\\/\\\/enfantzatypiques.org\\\/wp-content\\\/uploads\\\/2024\\\/07\\\/cropped-logo-stephanie-frechin.jpg\",\"contentUrl\":\"https:\\\/\\\/enfantzatypiques.org\\\/wp-content\\\/uploads\\\/2024\\\/07\\\/cropped-logo-stephanie-frechin.jpg\",\"width\":512,\"height\":512,\"caption\":\"St\u00e9phanie Fr\u00e9chin\"},\"logo\":{\"@id\":\"https:\\\/\\\/enfantzatypiques.org\\\/wp-content\\\/uploads\\\/2024\\\/07\\\/cropped-logo-stephanie-frechin.jpg\"},\"sameAs\":[\"http:\\\/\\\/www.enfantzatypiques.com\"]}]}<\/script>\n<!-- \/ Yoast SEO plugin. -->","yoast_head_json":{"title":"Hypnoth\u00e9rapie - Les enfantZatypiques","description":"Hypnoth\u00e9rapie c'est une technique utilis\u00e9e par St\u00e9phanie Fr\u00e9chin pour aider les enfants atypiques \u00e0 s'int\u00e9grer socialement","robots":{"index":"index","follow":"follow","max-snippet":"max-snippet:-1","max-image-preview":"max-image-preview:large","max-video-preview":"max-video-preview:-1"},"canonical":"http:\/\/enfantzatypiques.org\/index.php\/hypnotherapie\/","og_locale":"fr_FR","og_type":"article","og_title":"Hypnoth\u00e9rapie - Les enfantZatypiques","og_description":"Hypnoth\u00e9rapie c'est une technique utilis\u00e9e par St\u00e9phanie Fr\u00e9chin pour aider les enfants atypiques \u00e0 s'int\u00e9grer socialement","og_url":"http:\/\/enfantzatypiques.org\/index.php\/hypnotherapie\/","og_site_name":"Les enfantZatypiques","article_modified_time":"2024-07-29T07:05:36+00:00","og_image":[{"url":"http:\/\/enfantzatypiques.org\/wp-content\/uploads\/2024\/07\/Hypnotherapie-676x1024.jpg","type":"","width":"","height":""}],"twitter_card":"summary_large_image","twitter_misc":{"Dur\u00e9e de lecture estim\u00e9e":"4 minutes"},"schema":{"@context":"https:\/\/schema.org","@graph":[{"@type":"WebPage","@id":"http:\/\/enfantzatypiques.org\/index.php\/hypnotherapie\/","url":"http:\/\/enfantzatypiques.org\/index.php\/hypnotherapie\/","name":"Hypnoth\u00e9rapie - Les enfantZatypiques","isPartOf":{"@id":"http:\/\/enfantzatypiques.org\/#website"},"primaryImageOfPage":{"@id":"http:\/\/enfantzatypiques.org\/index.php\/hypnotherapie\/#primaryimage"},"image":{"@id":"http:\/\/enfantzatypiques.org\/index.php\/hypnotherapie\/#primaryimage"},"thumbnailUrl":"http:\/\/enfantzatypiques.org\/wp-content\/uploads\/2024\/07\/Hypnotherapie-676x1024.jpg","datePublished":"2024-07-14T13:36:33+00:00","dateModified":"2024-07-29T07:05:36+00:00","description":"Hypnoth\u00e9rapie c'est une technique utilis\u00e9e par St\u00e9phanie Fr\u00e9chin pour aider les enfants atypiques \u00e0 s'int\u00e9grer socialement","breadcrumb":{"@id":"http:\/\/enfantzatypiques.org\/index.php\/hypnotherapie\/#breadcrumb"},"inLanguage":"fr-FR","potentialAction":[{"@type":"ReadAction","target":["http:\/\/enfantzatypiques.org\/index.php\/hypnotherapie\/"]}]},{"@type":"ImageObject","inLanguage":"fr-FR","@id":"http:\/\/enfantzatypiques.org\/index.php\/hypnotherapie\/#primaryimage","url":"https:\/\/enfantzatypiques.org\/wp-content\/uploads\/2024\/07\/Hypnotherapie.jpg","contentUrl":"https:\/\/enfantzatypiques.org\/wp-content\/uploads\/2024\/07\/Hypnotherapie.jpg","width":789,"height":1196,"caption":"Hypnoth\u00e9rapie"},{"@type":"BreadcrumbList","@id":"http:\/\/enfantzatypiques.org\/index.php\/hypnotherapie\/#breadcrumb","itemListElement":[{"@type":"ListItem","position":1,"name":"Accueil","item":"http:\/\/enfantzatypiques.org\/"},{"@type":"ListItem","position":2,"name":"Hypnoth\u00e9rapie"}]},{"@type":"WebSite","@id":"http:\/\/enfantzatypiques.org\/#website","url":"http:\/\/enfantzatypiques.org\/","name":"Les enfantZatypiques","description":"Comment soigner les enfants atypiques ?","publisher":{"@id":"http:\/\/enfantzatypiques.org\/#\/schema\/person\/8c2673b14bbe39f5978d3c9c517dfebd"},"potentialAction":[{"@type":"SearchAction","target":{"@type":"EntryPoint","urlTemplate":"http:\/\/enfantzatypiques.org\/?s={search_term_string}"},"query-input":{"@type":"PropertyValueSpecification","valueRequired":true,"valueName":"search_term_string"}}],"inLanguage":"fr-FR"},{"@type":["Person","Organization"],"@id":"http:\/\/enfantzatypiques.org\/#\/schema\/person\/8c2673b14bbe39f5978d3c9c517dfebd","name":"St\u00e9phanie Fr\u00e9chin","image":{"@type":"ImageObject","inLanguage":"fr-FR","@id":"https:\/\/enfantzatypiques.org\/wp-content\/uploads\/2024\/07\/cropped-logo-stephanie-frechin.jpg","url":"https:\/\/enfantzatypiques.org\/wp-content\/uploads\/2024\/07\/cropped-logo-stephanie-frechin.jpg","contentUrl":"https:\/\/enfantzatypiques.org\/wp-content\/uploads\/2024\/07\/cropped-logo-stephanie-frechin.jpg","width":512,"height":512,"caption":"St\u00e9phanie Fr\u00e9chin"},"logo":{"@id":"https:\/\/enfantzatypiques.org\/wp-content\/uploads\/2024\/07\/cropped-logo-stephanie-frechin.jpg"},"sameAs":["http:\/\/www.enfantzatypiques.com"]}]}},"_links":{"self":[{"href":"https:\/\/enfantzatypiques.org\/index.php\/wp-json\/wp\/v2\/pages\/630","targetHints":{"allow":["GET"]}}],"collection":[{"href":"https:\/\/enfantzatypiques.org\/index.php\/wp-json\/wp\/v2\/pages"}],"about":[{"href":"https:\/\/enfantzatypiques.org\/index.php\/wp-json\/wp\/v2\/types\/page"}],"author":[{"embeddable":true,"href":"https:\/\/enfantzatypiques.org\/index.php\/wp-json\/wp\/v2\/users\/2"}],"replies":[{"embeddable":true,"href":"https:\/\/enfantzatypiques.org\/index.php\/wp-json\/wp\/v2\/comments?post=630"}],"version-history":[{"count":5,"href":"https:\/\/enfantzatypiques.org\/index.php\/wp-json\/wp\/v2\/pages\/630\/revisions"}],"predecessor-version":[{"id":912,"href":"https:\/\/enfantzatypiques.org\/index.php\/wp-json\/wp\/v2\/pages\/630\/revisions\/912"}],"wp:attachment":[{"href":"https:\/\/enfantzatypiques.org\/index.php\/wp-json\/wp\/v2\/media?parent=630"}],"curies":[{"name":"wp","href":"https:\/\/api.w.org\/{rel}","templated":true}]}}