{"id":482,"date":"2024-07-10T09:30:16","date_gmt":"2024-07-10T07:30:16","guid":{"rendered":"https:\/\/enfantzatypiques.org\/?page_id=482"},"modified":"2024-07-24T08:27:53","modified_gmt":"2024-07-24T06:27:53","slug":"approche-educative","status":"publish","type":"page","link":"https:\/\/enfantzatypiques.org\/index.php\/approche-educative\/","title":{"rendered":"Approche \u00e9ducative"},"content":{"rendered":"\t\t<div data-elementor-type=\"wp-page\" data-elementor-id=\"482\" class=\"elementor elementor-482\">\n\t\t\t\t<div class=\"elementor-element elementor-element-10909fc e-flex e-con-boxed e-con e-parent\" data-id=\"10909fc\" data-element_type=\"container\" data-e-type=\"container\">\n\t\t\t\t\t<div class=\"e-con-inner\">\n\t\t\t\t<div class=\"elementor-element elementor-element-90dae34 elementor-widget elementor-widget-image\" data-id=\"90dae34\" data-element_type=\"widget\" data-e-type=\"widget\" data-widget_type=\"image.default\">\n\t\t\t\t<div class=\"elementor-widget-container\">\n\t\t\t\t\t\t\t\t\t\t\t\t\t\t\t<img fetchpriority=\"high\" decoding=\"async\" width=\"768\" height=\"515\" src=\"https:\/\/enfantzatypiques.org\/wp-content\/uploads\/2024\/07\/Approche-educative-2-1024x686.webp\" class=\"attachment-large size-large wp-image-736\" alt=\"Approche \u00e9ducactive enfantzatypique\" srcset=\"https:\/\/enfantzatypiques.org\/wp-content\/uploads\/2024\/07\/Approche-educative-2-1024x686.webp 1024w, https:\/\/enfantzatypiques.org\/wp-content\/uploads\/2024\/07\/Approche-educative-2-300x201.webp 300w, https:\/\/enfantzatypiques.org\/wp-content\/uploads\/2024\/07\/Approche-educative-2-768x514.webp 768w, https:\/\/enfantzatypiques.org\/wp-content\/uploads\/2024\/07\/Approche-educative-2-200x134.webp 200w, https:\/\/enfantzatypiques.org\/wp-content\/uploads\/2024\/07\/Approche-educative-2.webp 1072w\" sizes=\"(max-width: 768px) 100vw, 768px\" \/>\t\t\t\t\t\t\t\t\t\t\t\t\t\t\t<\/div>\n\t\t\t\t<\/div>\n\t\t\t\t\t<\/div>\n\t\t\t\t<\/div>\n\t\t<div class=\"elementor-element elementor-element-97825a5 e-flex e-con-boxed e-con e-parent\" data-id=\"97825a5\" data-element_type=\"container\" data-e-type=\"container\">\n\t\t\t\t\t<div class=\"e-con-inner\">\n\t\t\t\t<div class=\"elementor-element elementor-element-33ca540 elementor-widget elementor-widget-text-editor\" data-id=\"33ca540\" data-element_type=\"widget\" data-e-type=\"widget\" data-widget_type=\"text-editor.default\">\n\t\t\t\t<div class=\"elementor-widget-container\">\n\t\t\t\t\t\t\t\t\t<p>Les enfants atypiques, qu&rsquo;ils soient intellectuellement pr\u00e9coces, qu&rsquo;ils pr\u00e9sentent des troubles du spectre de l&rsquo;autisme, des troubles de l&rsquo;attention ou d&rsquo;autres caract\u00e9ristiques uniques, n\u00e9cessitent souvent des approches \u00e9ducatives adapt\u00e9es pour favoriser leur d\u00e9veloppement et leur bien-\u00eatre. Je pourrais donc explorer diverses strat\u00e9gies \u00e9ducatives qui peuvent \u00eatre mises en place pour aider votre enfant \u00e0 s&rsquo;\u00e9panouir acad\u00e9miquement et socialement.<\/p><p><strong><u>Avec l&rsquo;apprentissage personnalis\u00e9<\/u><\/strong>, je vous propose de mettre l&rsquo;accent sur les besoins, les int\u00e9r\u00eats et les rythmes d&rsquo;apprentissage individuels de votre enfant. (Chaque enfant suit un parcours d&rsquo;apprentissage unique qui lui est propre).<\/p><ul><li><strong>Plans d&rsquo;apprentissage individualis\u00e9s :<\/strong> Je vous proposerai des plans d&rsquo;apprentissage personnalis\u00e9s en collaboration avec votre enfant, vous parents et les enseignants de votre enfant (par exemple\u00a0: des strat\u00e9gies pour la m\u00e9morisation, la concentration, l\u2019acad\u00e9mique, \u2026)<\/li><li><strong>Technologie :<\/strong> J\u2019utilise des outils technologiques pour adapter les le\u00e7ons et fournir un feedback en temps r\u00e9el. (Comme Poppins, \u2026)<\/li><\/ul><p><img decoding=\"async\" class=\"alignnone size-large wp-image-583\" src=\"http:\/\/enfantzatypiques.org\/wp-content\/uploads\/2024\/07\/Approche-educative-1024x675.jpg\" alt=\"\" width=\"768\" height=\"506\" \/><\/p><ol><li><p><strong>L\u2019approche que je vous propose est particuli\u00e8rement efficace pour votre enfant ayant des troubles de l&rsquo;apprentissage ou de l&rsquo;attention<\/strong>. Je vais donc me concentrer sur l&rsquo;enseignement de strat\u00e9gies sp\u00e9cifiques de mani\u00e8re directe et structur\u00e9e.<\/p><ul><li>Montrer explicitement comment r\u00e9aliser une t\u00e2che.<\/li><li>Fournir de nombreuses occasions de pratiquer sous la supervision de vous, parents.<\/li><li>Donner des retours rapides et constructifs pour renforcer les comp\u00e9tences apprises (CNV,\u2026)<\/li><\/ul><p><strong>L\u2019approche que je vous propose est particuli\u00e8rement b\u00e9n\u00e9fique pour les enfants ayant des sensibilit\u00e9s sensorielles<\/strong>. Je vais pouvoir aider votre enfant \u00e0 mieux g\u00e9rer et int\u00e9grer les informations sensorielles.<\/p><ul><li>J\u2019int\u00e8gre des activit\u00e9s qui stimulent les diff\u00e9rents sens (tactile, auditif, visuel, etc.). (Par exemple, des activit\u00e9s sensorielles Montessori telles que \u00ab\u00a0les tissus\u00a0\u00bb, \u2026)<\/li><li>Cr\u00e9er des espaces qui minimisent les distractions sensorielles et qui favorisent la concentration.<\/li><li>J\u2019utilise des outils tels que des balles de stress, des fidgets, \u2026.<\/li><\/ul><p><strong><u>Avec la m\u00e9thode Montessori<\/u><\/strong> je mets l&rsquo;accent sur l&rsquo;apprentissage autonome et l&rsquo;exploration \u00e0 travers des activit\u00e9s pratiques.<\/p><ul><li><strong>Mat\u00e9riel didactique :<\/strong> J\u2019utilise des mat\u00e9riaux Montessori sp\u00e9cialement con\u00e7us pour encourager l&rsquo;apprentissage par la manipulation (par exemple\u00a0: \u00ab\u00a0les perles en math\u00e9matique, les lettres rugueuses pour l\u2019\u00e9criture et la lecture, \u2026)<\/li><\/ul><strong>Autonomie :<\/strong> J\u2019encourage l\u2019autonomie de chaque enfant, en lui proposant de choisir une activit\u00e9 et de travailler \u00e0 son propre rythme<\/li><\/ol><p><img decoding=\"async\" class=\"alignnone size-large wp-image-737\" src=\"http:\/\/enfantzatypiques.org\/wp-content\/uploads\/2024\/07\/Approche-educative-3-1024x678.jpg\" alt=\"Approche \u00e9ducative enfantzatypiques\" width=\"768\" height=\"509\" \/><\/p><p>Il n&rsquo;existe pas de solution unique pour l&rsquo;\u00e9ducation des enfants atypiques. Chaque enfant est unique et n\u00e9cessite une combinaison de strat\u00e9gies adapt\u00e9es \u00e0 ses besoins sp\u00e9cifiques. En int\u00e9grant diverses approches \u00e9ducatives telles que l&rsquo;apprentissage personnalis\u00e9, l&rsquo;enseignement explicite et structur\u00e9, l&rsquo;int\u00e9gration sensorielle et la p\u00e9dagogie Montessori, le Neurofeedback\/biofeedback, l\u2019EFT, la pleine conscience,\u2026, vous, parents et \u00e9ducateurs peuvent cr\u00e9er un environnement d&rsquo;apprentissage inclusif et stimulant. Le soutien, la compr\u00e9hension et la flexibilit\u00e9 sont essentiels pour aider votre enfant \u00e0 r\u00e9aliser leur plein potentiel.<\/p><p>\u00a0<\/p>\t\t\t\t\t\t\t\t<\/div>\n\t\t\t\t<\/div>\n\t\t\t\t\t<\/div>\n\t\t\t\t<\/div>\n\t\t\t\t<\/div>\n\t\t","protected":false},"excerpt":{"rendered":"<p>\/*! elementor &#8211; v3.23.0 &#8211; 23-07-2024 *\/ .elementor-widget-image{text-align:center}.elementor-widget-image a{display:inline-block}.elementor-widget-image a img[src$=\u00a0\u00bb.svg\u00a0\u00bb]{width:48px}.elementor-widget-image img{vertical-align:middle;display:inline-block} Les enfants atypiques, qu&rsquo;ils soient intellectuellement pr\u00e9coces, qu&rsquo;ils pr\u00e9sentent des troubles du spectre de l&rsquo;autisme, des troubles de l&rsquo;attention ou d&rsquo;autres caract\u00e9ristiques uniques, n\u00e9cessitent souvent des approches \u00e9ducatives adapt\u00e9es pour favoriser leur d\u00e9veloppement et leur bien-\u00eatre. Je pourrais donc explorer diverses strat\u00e9gies \u00e9ducatives [&hellip;]<\/p>\n","protected":false},"author":2,"featured_media":0,"parent":0,"menu_order":0,"comment_status":"closed","ping_status":"closed","template":"","meta":{"_eb_attr":"","footnotes":""},"class_list":["post-482","page","type-page","status-publish","hentry"],"yoast_head":"<!-- This site is optimized with the Yoast SEO plugin v27.4 - https:\/\/yoast.com\/product\/yoast-seo-wordpress\/ -->\n<title>Approche \u00e9ducative - Les enfantZatypiques<\/title>\n<meta name=\"robots\" content=\"index, follow, max-snippet:-1, max-image-preview:large, max-video-preview:-1\" \/>\n<link rel=\"canonical\" href=\"http:\/\/enfantzatypiques.org\/index.php\/approche-educative\/\" \/>\n<meta property=\"og:locale\" content=\"fr_FR\" \/>\n<meta property=\"og:type\" content=\"article\" \/>\n<meta property=\"og:title\" content=\"Approche \u00e9ducative - Les enfantZatypiques\" \/>\n<meta property=\"og:description\" content=\"\/*! elementor &#8211; v3.23.0 &#8211; 23-07-2024 *\/ .elementor-widget-image{text-align:center}.elementor-widget-image a{display:inline-block}.elementor-widget-image a img[src$=\u00a0\u00bb.svg\u00a0\u00bb]{width:48px}.elementor-widget-image img{vertical-align:middle;display:inline-block} Les enfants atypiques, qu&rsquo;ils soient intellectuellement pr\u00e9coces, qu&rsquo;ils pr\u00e9sentent des troubles du spectre de l&rsquo;autisme, des troubles de l&rsquo;attention ou d&rsquo;autres caract\u00e9ristiques uniques, n\u00e9cessitent souvent des approches \u00e9ducatives adapt\u00e9es pour favoriser leur d\u00e9veloppement et leur bien-\u00eatre. Je pourrais donc explorer diverses strat\u00e9gies \u00e9ducatives [&hellip;]\" \/>\n<meta property=\"og:url\" content=\"http:\/\/enfantzatypiques.org\/index.php\/approche-educative\/\" \/>\n<meta property=\"og:site_name\" content=\"Les enfantZatypiques\" \/>\n<meta property=\"article:modified_time\" content=\"2024-07-24T06:27:53+00:00\" \/>\n<meta property=\"og:image\" content=\"http:\/\/enfantzatypiques.org\/wp-content\/uploads\/2024\/07\/Approche-educative-2-1024x686.webp\" \/>\n<meta name=\"twitter:card\" content=\"summary_large_image\" \/>\n<meta name=\"twitter:label1\" content=\"Dur\u00e9e de lecture estim\u00e9e\" \/>\n\t<meta name=\"twitter:data1\" content=\"3 minutes\" \/>\n<script type=\"application\/ld+json\" class=\"yoast-schema-graph\">{\"@context\":\"https:\\\/\\\/schema.org\",\"@graph\":[{\"@type\":\"WebPage\",\"@id\":\"http:\\\/\\\/enfantzatypiques.org\\\/index.php\\\/approche-educative\\\/\",\"url\":\"http:\\\/\\\/enfantzatypiques.org\\\/index.php\\\/approche-educative\\\/\",\"name\":\"Approche \u00e9ducative - Les enfantZatypiques\",\"isPartOf\":{\"@id\":\"http:\\\/\\\/enfantzatypiques.org\\\/#website\"},\"primaryImageOfPage\":{\"@id\":\"http:\\\/\\\/enfantzatypiques.org\\\/index.php\\\/approche-educative\\\/#primaryimage\"},\"image\":{\"@id\":\"http:\\\/\\\/enfantzatypiques.org\\\/index.php\\\/approche-educative\\\/#primaryimage\"},\"thumbnailUrl\":\"http:\\\/\\\/enfantzatypiques.org\\\/wp-content\\\/uploads\\\/2024\\\/07\\\/Approche-educative-2-1024x686.webp\",\"datePublished\":\"2024-07-10T07:30:16+00:00\",\"dateModified\":\"2024-07-24T06:27:53+00:00\",\"breadcrumb\":{\"@id\":\"http:\\\/\\\/enfantzatypiques.org\\\/index.php\\\/approche-educative\\\/#breadcrumb\"},\"inLanguage\":\"fr-FR\",\"potentialAction\":[{\"@type\":\"ReadAction\",\"target\":[\"http:\\\/\\\/enfantzatypiques.org\\\/index.php\\\/approche-educative\\\/\"]}]},{\"@type\":\"ImageObject\",\"inLanguage\":\"fr-FR\",\"@id\":\"http:\\\/\\\/enfantzatypiques.org\\\/index.php\\\/approche-educative\\\/#primaryimage\",\"url\":\"https:\\\/\\\/enfantzatypiques.org\\\/wp-content\\\/uploads\\\/2024\\\/07\\\/Approche-educative-2.webp\",\"contentUrl\":\"https:\\\/\\\/enfantzatypiques.org\\\/wp-content\\\/uploads\\\/2024\\\/07\\\/Approche-educative-2.webp\",\"width\":1072,\"height\":718,\"caption\":\"Approche \u00e9ducactive enfantzatypique\"},{\"@type\":\"BreadcrumbList\",\"@id\":\"http:\\\/\\\/enfantzatypiques.org\\\/index.php\\\/approche-educative\\\/#breadcrumb\",\"itemListElement\":[{\"@type\":\"ListItem\",\"position\":1,\"name\":\"Accueil\",\"item\":\"http:\\\/\\\/enfantzatypiques.org\\\/\"},{\"@type\":\"ListItem\",\"position\":2,\"name\":\"Approche \u00e9ducative\"}]},{\"@type\":\"WebSite\",\"@id\":\"http:\\\/\\\/enfantzatypiques.org\\\/#website\",\"url\":\"http:\\\/\\\/enfantzatypiques.org\\\/\",\"name\":\"Les enfantZatypiques\",\"description\":\"Comment soigner les enfants atypiques ?\",\"publisher\":{\"@id\":\"http:\\\/\\\/enfantzatypiques.org\\\/#\\\/schema\\\/person\\\/8c2673b14bbe39f5978d3c9c517dfebd\"},\"potentialAction\":[{\"@type\":\"SearchAction\",\"target\":{\"@type\":\"EntryPoint\",\"urlTemplate\":\"http:\\\/\\\/enfantzatypiques.org\\\/?s={search_term_string}\"},\"query-input\":{\"@type\":\"PropertyValueSpecification\",\"valueRequired\":true,\"valueName\":\"search_term_string\"}}],\"inLanguage\":\"fr-FR\"},{\"@type\":[\"Person\",\"Organization\"],\"@id\":\"http:\\\/\\\/enfantzatypiques.org\\\/#\\\/schema\\\/person\\\/8c2673b14bbe39f5978d3c9c517dfebd\",\"name\":\"St\u00e9phanie Fr\u00e9chin\",\"image\":{\"@type\":\"ImageObject\",\"inLanguage\":\"fr-FR\",\"@id\":\"https:\\\/\\\/enfantzatypiques.org\\\/wp-content\\\/uploads\\\/2024\\\/07\\\/cropped-logo-stephanie-frechin.jpg\",\"url\":\"https:\\\/\\\/enfantzatypiques.org\\\/wp-content\\\/uploads\\\/2024\\\/07\\\/cropped-logo-stephanie-frechin.jpg\",\"contentUrl\":\"https:\\\/\\\/enfantzatypiques.org\\\/wp-content\\\/uploads\\\/2024\\\/07\\\/cropped-logo-stephanie-frechin.jpg\",\"width\":512,\"height\":512,\"caption\":\"St\u00e9phanie Fr\u00e9chin\"},\"logo\":{\"@id\":\"https:\\\/\\\/enfantzatypiques.org\\\/wp-content\\\/uploads\\\/2024\\\/07\\\/cropped-logo-stephanie-frechin.jpg\"},\"sameAs\":[\"http:\\\/\\\/www.enfantzatypiques.com\"]}]}<\/script>\n<!-- \/ Yoast SEO plugin. -->","yoast_head_json":{"title":"Approche \u00e9ducative - Les enfantZatypiques","robots":{"index":"index","follow":"follow","max-snippet":"max-snippet:-1","max-image-preview":"max-image-preview:large","max-video-preview":"max-video-preview:-1"},"canonical":"http:\/\/enfantzatypiques.org\/index.php\/approche-educative\/","og_locale":"fr_FR","og_type":"article","og_title":"Approche \u00e9ducative - Les enfantZatypiques","og_description":"\/*! elementor &#8211; v3.23.0 &#8211; 23-07-2024 *\/ .elementor-widget-image{text-align:center}.elementor-widget-image a{display:inline-block}.elementor-widget-image a img[src$=\u00a0\u00bb.svg\u00a0\u00bb]{width:48px}.elementor-widget-image img{vertical-align:middle;display:inline-block} Les enfants atypiques, qu&rsquo;ils soient intellectuellement pr\u00e9coces, qu&rsquo;ils pr\u00e9sentent des troubles du spectre de l&rsquo;autisme, des troubles de l&rsquo;attention ou d&rsquo;autres caract\u00e9ristiques uniques, n\u00e9cessitent souvent des approches \u00e9ducatives adapt\u00e9es pour favoriser leur d\u00e9veloppement et leur bien-\u00eatre. Je pourrais donc explorer diverses strat\u00e9gies \u00e9ducatives [&hellip;]","og_url":"http:\/\/enfantzatypiques.org\/index.php\/approche-educative\/","og_site_name":"Les enfantZatypiques","article_modified_time":"2024-07-24T06:27:53+00:00","og_image":[{"url":"http:\/\/enfantzatypiques.org\/wp-content\/uploads\/2024\/07\/Approche-educative-2-1024x686.webp","type":"","width":"","height":""}],"twitter_card":"summary_large_image","twitter_misc":{"Dur\u00e9e de lecture estim\u00e9e":"3 minutes"},"schema":{"@context":"https:\/\/schema.org","@graph":[{"@type":"WebPage","@id":"http:\/\/enfantzatypiques.org\/index.php\/approche-educative\/","url":"http:\/\/enfantzatypiques.org\/index.php\/approche-educative\/","name":"Approche \u00e9ducative - Les enfantZatypiques","isPartOf":{"@id":"http:\/\/enfantzatypiques.org\/#website"},"primaryImageOfPage":{"@id":"http:\/\/enfantzatypiques.org\/index.php\/approche-educative\/#primaryimage"},"image":{"@id":"http:\/\/enfantzatypiques.org\/index.php\/approche-educative\/#primaryimage"},"thumbnailUrl":"http:\/\/enfantzatypiques.org\/wp-content\/uploads\/2024\/07\/Approche-educative-2-1024x686.webp","datePublished":"2024-07-10T07:30:16+00:00","dateModified":"2024-07-24T06:27:53+00:00","breadcrumb":{"@id":"http:\/\/enfantzatypiques.org\/index.php\/approche-educative\/#breadcrumb"},"inLanguage":"fr-FR","potentialAction":[{"@type":"ReadAction","target":["http:\/\/enfantzatypiques.org\/index.php\/approche-educative\/"]}]},{"@type":"ImageObject","inLanguage":"fr-FR","@id":"http:\/\/enfantzatypiques.org\/index.php\/approche-educative\/#primaryimage","url":"https:\/\/enfantzatypiques.org\/wp-content\/uploads\/2024\/07\/Approche-educative-2.webp","contentUrl":"https:\/\/enfantzatypiques.org\/wp-content\/uploads\/2024\/07\/Approche-educative-2.webp","width":1072,"height":718,"caption":"Approche \u00e9ducactive enfantzatypique"},{"@type":"BreadcrumbList","@id":"http:\/\/enfantzatypiques.org\/index.php\/approche-educative\/#breadcrumb","itemListElement":[{"@type":"ListItem","position":1,"name":"Accueil","item":"http:\/\/enfantzatypiques.org\/"},{"@type":"ListItem","position":2,"name":"Approche \u00e9ducative"}]},{"@type":"WebSite","@id":"http:\/\/enfantzatypiques.org\/#website","url":"http:\/\/enfantzatypiques.org\/","name":"Les enfantZatypiques","description":"Comment soigner les enfants atypiques ?","publisher":{"@id":"http:\/\/enfantzatypiques.org\/#\/schema\/person\/8c2673b14bbe39f5978d3c9c517dfebd"},"potentialAction":[{"@type":"SearchAction","target":{"@type":"EntryPoint","urlTemplate":"http:\/\/enfantzatypiques.org\/?s={search_term_string}"},"query-input":{"@type":"PropertyValueSpecification","valueRequired":true,"valueName":"search_term_string"}}],"inLanguage":"fr-FR"},{"@type":["Person","Organization"],"@id":"http:\/\/enfantzatypiques.org\/#\/schema\/person\/8c2673b14bbe39f5978d3c9c517dfebd","name":"St\u00e9phanie Fr\u00e9chin","image":{"@type":"ImageObject","inLanguage":"fr-FR","@id":"https:\/\/enfantzatypiques.org\/wp-content\/uploads\/2024\/07\/cropped-logo-stephanie-frechin.jpg","url":"https:\/\/enfantzatypiques.org\/wp-content\/uploads\/2024\/07\/cropped-logo-stephanie-frechin.jpg","contentUrl":"https:\/\/enfantzatypiques.org\/wp-content\/uploads\/2024\/07\/cropped-logo-stephanie-frechin.jpg","width":512,"height":512,"caption":"St\u00e9phanie Fr\u00e9chin"},"logo":{"@id":"https:\/\/enfantzatypiques.org\/wp-content\/uploads\/2024\/07\/cropped-logo-stephanie-frechin.jpg"},"sameAs":["http:\/\/www.enfantzatypiques.com"]}]}},"_links":{"self":[{"href":"https:\/\/enfantzatypiques.org\/index.php\/wp-json\/wp\/v2\/pages\/482","targetHints":{"allow":["GET"]}}],"collection":[{"href":"https:\/\/enfantzatypiques.org\/index.php\/wp-json\/wp\/v2\/pages"}],"about":[{"href":"https:\/\/enfantzatypiques.org\/index.php\/wp-json\/wp\/v2\/types\/page"}],"author":[{"embeddable":true,"href":"https:\/\/enfantzatypiques.org\/index.php\/wp-json\/wp\/v2\/users\/2"}],"replies":[{"embeddable":true,"href":"https:\/\/enfantzatypiques.org\/index.php\/wp-json\/wp\/v2\/comments?post=482"}],"version-history":[{"count":13,"href":"https:\/\/enfantzatypiques.org\/index.php\/wp-json\/wp\/v2\/pages\/482\/revisions"}],"predecessor-version":[{"id":751,"href":"https:\/\/enfantzatypiques.org\/index.php\/wp-json\/wp\/v2\/pages\/482\/revisions\/751"}],"wp:attachment":[{"href":"https:\/\/enfantzatypiques.org\/index.php\/wp-json\/wp\/v2\/media?parent=482"}],"curies":[{"name":"wp","href":"https:\/\/api.w.org\/{rel}","templated":true}]}}