{"version":"1.0","provider_name":"Les enfantZatypiques","provider_url":"https:\/\/enfantzatypiques.org","title":"Formation et sensibilisasion - Les enfantZatypiques","type":"rich","width":600,"height":338,"html":"<blockquote class=\"wp-embedded-content\" data-secret=\"SgJnRanO5b\"><a href=\"https:\/\/enfantzatypiques.org\/index.php\/formation-et-sensibilisasion\/\">Formation et sensibilisasion<\/a><\/blockquote><iframe sandbox=\"allow-scripts\" security=\"restricted\" src=\"https:\/\/enfantzatypiques.org\/index.php\/formation-et-sensibilisasion\/embed\/#?secret=SgJnRanO5b\" width=\"600\" height=\"338\" title=\"\u00ab\u00a0Formation et sensibilisasion\u00a0\u00bb &#8212; Les enfantZatypiques\" data-secret=\"SgJnRanO5b\" frameborder=\"0\" marginwidth=\"0\" marginheight=\"0\" scrolling=\"no\" class=\"wp-embedded-content\"><\/iframe><script type=\"text\/javascript\">\n\/* <![CDATA[ *\/\n\/*! This file is auto-generated *\/\n!function(d,l){\"use strict\";l.querySelector&&d.addEventListener&&\"undefined\"!=typeof URL&&(d.wp=d.wp||{},d.wp.receiveEmbedMessage||(d.wp.receiveEmbedMessage=function(e){var t=e.data;if((t||t.secret||t.message||t.value)&&!\/[^a-zA-Z0-9]\/.test(t.secret)){for(var s,r,n,a=l.querySelectorAll('iframe[data-secret=\"'+t.secret+'\"]'),o=l.querySelectorAll('blockquote[data-secret=\"'+t.secret+'\"]'),c=new RegExp(\"^https?:$\",\"i\"),i=0;i<o.length;i++)o[i].style.display=\"none\";for(i=0;i<a.length;i++)s=a[i],e.source===s.contentWindow&&(s.removeAttribute(\"style\"),\"height\"===t.message?(1e3<(r=parseInt(t.value,10))?r=1e3:~~r<200&&(r=200),s.height=r):\"link\"===t.message&&(r=new URL(s.getAttribute(\"src\")),n=new URL(t.value),c.test(n.protocol))&&n.host===r.host&&l.activeElement===s&&(d.top.location.href=t.value))}},d.addEventListener(\"message\",d.wp.receiveEmbedMessage,!1),l.addEventListener(\"DOMContentLoaded\",function(){for(var e,t,s=l.querySelectorAll(\"iframe.wp-embedded-content\"),r=0;r<s.length;r++)(t=(e=s[r]).getAttribute(\"data-secret\"))||(t=Math.random().toString(36).substring(2,12),e.src+=\"#?secret=\"+t,e.setAttribute(\"data-secret\",t)),e.contentWindow.postMessage({message:\"ready\",secret:t},\"*\")},!1)))}(window,document);\n\/\/# sourceURL=https:\/\/enfantzatypiques.org\/wp-includes\/js\/wp-embed.min.js\n\/* ]]> *\/\n<\/script>\n","description":"Afin de pouvoir aider les enfants \u00e0 besoins sp\u00e9cifiques, il est important que nous soyons une \u00e9quipe. Une approche multidimensionnelle qui comprend des ateliers aux approches diff\u00e9rentes, des cas pratiques mais surtout des suivis et du soutien continu. \u00a0 Exp\u00e9riences Pratiques et Immersives Des conf\u00e9rences sur la compr\u00e9hension de la neurodiversit\u00e9 des troubles du d\u00e9veloppement [&hellip;]","thumbnail_url":"http:\/\/enfantzatypiques.org\/wp-content\/uploads\/2024\/07\/2024-07-26-08_14_24-formations-et-sensibilisation-pour-les-enseignants-3-1024x687.jpg"}

Afin de pouvoir aider les enfants à besoins spécifiques, il est important que nous soyons une équipe. Une approche multidimensionnelle qui comprend des ateliers aux approches différentes, des cas pratiques mais surtout des suivis et du soutien continu.   Expériences Pratiques et Immersives Des conférences sur la compréhension de la neurodiversité des troubles du développement [&hellip;]
