{"id":624,"date":"2024-07-14T15:31:56","date_gmt":"2024-07-14T13:31:56","guid":{"rendered":"https:\/\/enfantzatypiques.org\/?page_id=624"},"modified":"2024-07-29T08:57:05","modified_gmt":"2024-07-29T06:57:05","slug":"liberation-des-emotions","status":"publish","type":"page","link":"http:\/\/enfantzatypiques.org\/index.php\/liberation-des-emotions\/","title":{"rendered":"Lib\u00e9ration des \u00e9motions"},"content":{"rendered":"\t\t<div data-elementor-type=\"wp-page\" data-elementor-id=\"624\" class=\"elementor elementor-624\">\n\t\t\t\t<div class=\"elementor-element elementor-element-fb25a94 e-flex e-con-boxed e-con e-parent\" data-id=\"fb25a94\" data-element_type=\"container\" data-e-type=\"container\">\n\t\t\t\t\t<div class=\"e-con-inner\">\n\t\t\t\t<div class=\"elementor-element elementor-element-5d517c4 elementor-widget elementor-widget-heading\" data-id=\"5d517c4\" data-element_type=\"widget\" data-e-type=\"widget\" data-widget_type=\"heading.default\">\n\t\t\t\t<div class=\"elementor-widget-container\">\n\t\t\t\t\t<h2 class=\"elementor-heading-title elementor-size-default\">TLE  (Technique de Lib\u00e9ration des Emotions) <\/h2>\t\t\t\t<\/div>\n\t\t\t\t<\/div>\n\t\t\t\t\t<\/div>\n\t\t\t\t<\/div>\n\t\t<div class=\"elementor-element elementor-element-624b387 e-flex e-con-boxed e-con e-parent\" data-id=\"624b387\" data-element_type=\"container\" data-e-type=\"container\">\n\t\t\t\t\t<div class=\"e-con-inner\">\n\t\t\t\t<div class=\"elementor-element elementor-element-f12d544 elementor-widget elementor-widget-text-editor\" data-id=\"f12d544\" data-element_type=\"widget\" data-e-type=\"widget\" data-widget_type=\"text-editor.default\">\n\t\t\t\t<div class=\"elementor-widget-container\">\n\t\t\t\t\t\t\t\t\t<h2 style=\"text-align: center;\"><strong><u>EFT<\/u><\/strong><strong> <u>(Emotional Freedom Technique)<\/u><\/strong><\/h2>\nLa TLE (Technique de Lib\u00e9ration des \u00e9motions), souvent appel\u00e9e tapping, consiste \u00e0 faire baisser l\u2019intensit\u00e9 des \u00e9motions. Elle implique de tapoter avec les deux doigts sur des points du syst\u00e8me lymphatique sp\u00e9cifiques du corps tout en se concentrant sur des \u00e9motions n\u00e9gatives ou des souvenirs douloureux. Pour vos enfants, l&rsquo;EFT peut \u00eatre un outil puissant pour g\u00e9rer le stress, les peurs, l&rsquo;anxi\u00e9t\u00e9, et d&rsquo;autres \u00e9motions difficiles.\n\n<img fetchpriority=\"high\" decoding=\"async\" class=\"alignnone size-large wp-image-902\" src=\"http:\/\/enfantzatypiques.org\/wp-content\/uploads\/2024\/07\/TLE-1-1024x1005.jpg\" alt=\"Lib\u00e9ration des \u00e9motions\" width=\"768\" height=\"754\" srcset=\"http:\/\/enfantzatypiques.org\/wp-content\/uploads\/2024\/07\/TLE-1-1024x1005.jpg 1024w, http:\/\/enfantzatypiques.org\/wp-content\/uploads\/2024\/07\/TLE-1-300x295.jpg 300w, http:\/\/enfantzatypiques.org\/wp-content\/uploads\/2024\/07\/TLE-1-768x754.jpg 768w, http:\/\/enfantzatypiques.org\/wp-content\/uploads\/2024\/07\/TLE-1-200x196.jpg 200w, http:\/\/enfantzatypiques.org\/wp-content\/uploads\/2024\/07\/TLE-1.jpg 1050w\" sizes=\"(max-width: 768px) 100vw, 768px\" \/>\n<h4><strong>Qu&rsquo;est-ce que l&rsquo;EFT ?<\/strong><\/h4>\nL&rsquo;EFT combine les \u00e9l\u00e9ments de l&rsquo;acupression chinoise et de la th\u00e9rapie cognitive. Les points de tapotement correspondent aux barri\u00e8res qui ne laissent pas passer les \u00e9nergies (m\u00e9ridiens \u00e9nerg\u00e9tiques utilis\u00e9s en acupuncture) quand elles sont bloqu\u00e9es par des \u00e9motions. En tapotant sur ces points, on va stimuler \u00ab\u00a0la lymphe\u00a0\u00bb (liquide avec des globules blancs qui baignent les organes) et ainsi lib\u00e9rer l\u2019\u00e9nergie du syst\u00e8me lymphatique\n\n<img decoding=\"async\" class=\"alignnone size-full wp-image-462\" src=\"http:\/\/enfantzatypiques.org\/wp-content\/uploads\/2024\/07\/EFT-Emilie-Dagbert-Hypnotherapeute-Lambersart-800x450-1.webp\" alt=\"Lib\u00e9ration des \u00e9motions\" width=\"800\" height=\"450\" srcset=\"http:\/\/enfantzatypiques.org\/wp-content\/uploads\/2024\/07\/EFT-Emilie-Dagbert-Hypnotherapeute-Lambersart-800x450-1.webp 800w, http:\/\/enfantzatypiques.org\/wp-content\/uploads\/2024\/07\/EFT-Emilie-Dagbert-Hypnotherapeute-Lambersart-800x450-1-300x169.webp 300w, http:\/\/enfantzatypiques.org\/wp-content\/uploads\/2024\/07\/EFT-Emilie-Dagbert-Hypnotherapeute-Lambersart-800x450-1-768x432.webp 768w, http:\/\/enfantzatypiques.org\/wp-content\/uploads\/2024\/07\/EFT-Emilie-Dagbert-Hypnotherapeute-Lambersart-800x450-1-200x113.webp 200w\" sizes=\"(max-width: 800px) 100vw, 800px\" \/>\n\nSi l\u2019\u00e9motion est positive, comme la joie, la paix, l\u2019\u00e9nergie coule facilement comme une rivi\u00e8re dans notre corps.\n\nSi l\u2019\u00e9motion est n\u00e9gative, comme la col\u00e8re, la peur, le stress, l\u2019\u00e9coulement de l\u2019\u00e9nergie est alors perturb\u00e9 et ne circule plus librement.\n\n<strong>Les bienfaits de l&rsquo;EFT pour votre enfant<\/strong>\n<ol>\n \t<li><strong>R\u00e9duction du stress et de l&rsquo;anxi\u00e9t\u00e9<\/strong> : Votre enfant pourra utiliser l&rsquo;EFT pour apaiser ses peurs li\u00e9es \u00e0 l&rsquo;\u00e9cole, aux examens, ou \u00e0 d&rsquo;autres situations stressantes.<\/li>\n \t<li><strong>Gestion des \u00e9motions<\/strong> : L&rsquo;EFT aide votre enfant \u00e0 comprendre et \u00e0 g\u00e9rer ses \u00e9motions intenses comme la col\u00e8re, la tristesse ou la frustration.<\/li>\n \t<li><strong>Am\u00e9lioration de la confiance en soi<\/strong> : En travaillant sur ses croyances limitantes, votre enfant pourra renforcer son estime de lui et sa confiance.<\/li>\n \t<li><strong>Facilitation du sommeil<\/strong> : Votre enfant qui rencontre des difficult\u00e9s \u00e0 s&rsquo;endormir \u00e0 cause de l&rsquo;anxi\u00e9t\u00e9 pourra trouver l&rsquo;EFT apaisant et relaxant.<\/li>\n \t<li><strong>Support pour les troubles sp\u00e9cifiques<\/strong> : L&rsquo;EFT pourra \u00eatre b\u00e9n\u00e9fique pour votre enfant souffrant de troubles tels que le TDAH, l&rsquo;autisme, ou les phobies.<\/li>\n<\/ol>\n<img decoding=\"async\" class=\"alignnone size-large wp-image-897\" src=\"http:\/\/enfantzatypiques.org\/wp-content\/uploads\/2024\/07\/TLE-2-1024x573.jpg\" alt=\"\" width=\"768\" height=\"430\" srcset=\"http:\/\/enfantzatypiques.org\/wp-content\/uploads\/2024\/07\/TLE-2-1024x573.jpg 1024w, http:\/\/enfantzatypiques.org\/wp-content\/uploads\/2024\/07\/TLE-2-300x168.jpg 300w, http:\/\/enfantzatypiques.org\/wp-content\/uploads\/2024\/07\/TLE-2-768x430.jpg 768w, http:\/\/enfantzatypiques.org\/wp-content\/uploads\/2024\/07\/TLE-2-200x112.jpg 200w, http:\/\/enfantzatypiques.org\/wp-content\/uploads\/2024\/07\/TLE-2.jpg 1128w\" sizes=\"(max-width: 768px) 100vw, 768px\" \/>\n\nL&rsquo;EFT est une technique simple et accessible qui peut offrir de nombreux bienfaits \u00e0 votre enfant en termes de gestion du stress et des \u00e9motions. En int\u00e9grant l&rsquo;EFT dans sa routine quotidienne, votre enfant pourra apprendre \u00e0 mieux comprendre et r\u00e9guler ses \u00e9motions, favorisant ainsi son bien-\u00eatre \u00e9motionnel et mental. Cependant, comme pour toute technique th\u00e9rapeutique, il est essentiel de proc\u00e9der avec sensibilit\u00e9 et attention aux besoins individuels de chaque enfant.\t\t\t\t\t\t\t\t<\/div>\n\t\t\t\t<\/div>\n\t\t\t\t\t<\/div>\n\t\t\t\t<\/div>\n\t\t\t\t<\/div>\n\t\t","protected":false},"excerpt":{"rendered":"<p>TLE (Technique de Lib\u00e9ration des Emotions) EFT (Emotional Freedom Technique) La TLE (Technique de Lib\u00e9ration des \u00e9motions), souvent appel\u00e9e tapping, consiste \u00e0 faire baisser l\u2019intensit\u00e9 des \u00e9motions. Elle implique de tapoter avec les deux doigts sur des points du syst\u00e8me lymphatique sp\u00e9cifiques du corps tout en se concentrant sur des \u00e9motions n\u00e9gatives ou des souvenirs [&hellip;]<\/p>\n","protected":false},"author":2,"featured_media":0,"parent":0,"menu_order":0,"comment_status":"closed","ping_status":"closed","template":"","meta":{"_eb_attr":"","footnotes":""},"class_list":["post-624","page","type-page","status-publish","hentry"],"yoast_head":"<!-- This site is optimized with the Yoast SEO plugin v27.4 - https:\/\/yoast.com\/product\/yoast-seo-wordpress\/ -->\n<title>Lib\u00e9ration des \u00e9motions - Les enfantZatypiques<\/title>\n<meta name=\"description\" content=\"Lib\u00e9ration des \u00e9motions St\u00e9phanie Fr\u00e9chin utilise les techniques EFT pour aider vos enfants atypiques \u00e0 s&#039;int\u00e9grer\" \/>\n<meta name=\"robots\" content=\"index, follow, max-snippet:-1, max-image-preview:large, max-video-preview:-1\" \/>\n<link rel=\"canonical\" href=\"https:\/\/enfantzatypiques.org\/index.php\/liberation-des-emotions\/\" \/>\n<meta property=\"og:locale\" content=\"fr_FR\" \/>\n<meta property=\"og:type\" content=\"article\" \/>\n<meta property=\"og:title\" content=\"Lib\u00e9ration des \u00e9motions - Les enfantZatypiques\" \/>\n<meta property=\"og:description\" content=\"Lib\u00e9ration des \u00e9motions St\u00e9phanie Fr\u00e9chin utilise les techniques EFT pour aider vos enfants atypiques \u00e0 s&#039;int\u00e9grer\" \/>\n<meta property=\"og:url\" content=\"https:\/\/enfantzatypiques.org\/index.php\/liberation-des-emotions\/\" \/>\n<meta property=\"og:site_name\" content=\"Les enfantZatypiques\" \/>\n<meta property=\"article:modified_time\" content=\"2024-07-29T06:57:05+00:00\" \/>\n<meta property=\"og:image\" content=\"http:\/\/enfantzatypiques.org\/wp-content\/uploads\/2024\/07\/TLE-1-1024x1005.jpg\" \/>\n<meta name=\"twitter:card\" content=\"summary_large_image\" \/>\n<meta name=\"twitter:label1\" content=\"Dur\u00e9e de lecture estim\u00e9e\" \/>\n\t<meta name=\"twitter:data1\" content=\"3 minutes\" \/>\n<script type=\"application\/ld+json\" class=\"yoast-schema-graph\">{\"@context\":\"https:\\\/\\\/schema.org\",\"@graph\":[{\"@type\":\"WebPage\",\"@id\":\"https:\\\/\\\/enfantzatypiques.org\\\/index.php\\\/liberation-des-emotions\\\/\",\"url\":\"https:\\\/\\\/enfantzatypiques.org\\\/index.php\\\/liberation-des-emotions\\\/\",\"name\":\"Lib\u00e9ration des \u00e9motions - Les enfantZatypiques\",\"isPartOf\":{\"@id\":\"http:\\\/\\\/enfantzatypiques.org\\\/#website\"},\"primaryImageOfPage\":{\"@id\":\"https:\\\/\\\/enfantzatypiques.org\\\/index.php\\\/liberation-des-emotions\\\/#primaryimage\"},\"image\":{\"@id\":\"https:\\\/\\\/enfantzatypiques.org\\\/index.php\\\/liberation-des-emotions\\\/#primaryimage\"},\"thumbnailUrl\":\"http:\\\/\\\/enfantzatypiques.org\\\/wp-content\\\/uploads\\\/2024\\\/07\\\/TLE-1-1024x1005.jpg\",\"datePublished\":\"2024-07-14T13:31:56+00:00\",\"dateModified\":\"2024-07-29T06:57:05+00:00\",\"description\":\"Lib\u00e9ration des \u00e9motions St\u00e9phanie Fr\u00e9chin utilise les techniques EFT pour aider vos enfants atypiques \u00e0 s'int\u00e9grer\",\"breadcrumb\":{\"@id\":\"https:\\\/\\\/enfantzatypiques.org\\\/index.php\\\/liberation-des-emotions\\\/#breadcrumb\"},\"inLanguage\":\"fr-FR\",\"potentialAction\":[{\"@type\":\"ReadAction\",\"target\":[\"https:\\\/\\\/enfantzatypiques.org\\\/index.php\\\/liberation-des-emotions\\\/\"]}]},{\"@type\":\"ImageObject\",\"inLanguage\":\"fr-FR\",\"@id\":\"https:\\\/\\\/enfantzatypiques.org\\\/index.php\\\/liberation-des-emotions\\\/#primaryimage\",\"url\":\"http:\\\/\\\/enfantzatypiques.org\\\/wp-content\\\/uploads\\\/2024\\\/07\\\/TLE-1.jpg\",\"contentUrl\":\"http:\\\/\\\/enfantzatypiques.org\\\/wp-content\\\/uploads\\\/2024\\\/07\\\/TLE-1.jpg\",\"width\":1050,\"height\":1031,\"caption\":\"Lib\u00e9ration des \u00e9motions\"},{\"@type\":\"BreadcrumbList\",\"@id\":\"https:\\\/\\\/enfantzatypiques.org\\\/index.php\\\/liberation-des-emotions\\\/#breadcrumb\",\"itemListElement\":[{\"@type\":\"ListItem\",\"position\":1,\"name\":\"Accueil\",\"item\":\"http:\\\/\\\/enfantzatypiques.org\\\/\"},{\"@type\":\"ListItem\",\"position\":2,\"name\":\"Lib\u00e9ration des \u00e9motions\"}]},{\"@type\":\"WebSite\",\"@id\":\"http:\\\/\\\/enfantzatypiques.org\\\/#website\",\"url\":\"http:\\\/\\\/enfantzatypiques.org\\\/\",\"name\":\"Les enfantZatypiques\",\"description\":\"Comment soigner les enfants atypiques ?\",\"publisher\":{\"@id\":\"http:\\\/\\\/enfantzatypiques.org\\\/#\\\/schema\\\/person\\\/8c2673b14bbe39f5978d3c9c517dfebd\"},\"potentialAction\":[{\"@type\":\"SearchAction\",\"target\":{\"@type\":\"EntryPoint\",\"urlTemplate\":\"http:\\\/\\\/enfantzatypiques.org\\\/?s={search_term_string}\"},\"query-input\":{\"@type\":\"PropertyValueSpecification\",\"valueRequired\":true,\"valueName\":\"search_term_string\"}}],\"inLanguage\":\"fr-FR\"},{\"@type\":[\"Person\",\"Organization\"],\"@id\":\"http:\\\/\\\/enfantzatypiques.org\\\/#\\\/schema\\\/person\\\/8c2673b14bbe39f5978d3c9c517dfebd\",\"name\":\"St\u00e9phanie Fr\u00e9chin\",\"image\":{\"@type\":\"ImageObject\",\"inLanguage\":\"fr-FR\",\"@id\":\"https:\\\/\\\/enfantzatypiques.org\\\/wp-content\\\/uploads\\\/2024\\\/07\\\/cropped-logo-stephanie-frechin.jpg\",\"url\":\"https:\\\/\\\/enfantzatypiques.org\\\/wp-content\\\/uploads\\\/2024\\\/07\\\/cropped-logo-stephanie-frechin.jpg\",\"contentUrl\":\"https:\\\/\\\/enfantzatypiques.org\\\/wp-content\\\/uploads\\\/2024\\\/07\\\/cropped-logo-stephanie-frechin.jpg\",\"width\":512,\"height\":512,\"caption\":\"St\u00e9phanie Fr\u00e9chin\"},\"logo\":{\"@id\":\"https:\\\/\\\/enfantzatypiques.org\\\/wp-content\\\/uploads\\\/2024\\\/07\\\/cropped-logo-stephanie-frechin.jpg\"},\"sameAs\":[\"http:\\\/\\\/www.enfantzatypiques.com\"]}]}<\/script>\n<!-- \/ Yoast SEO plugin. -->","yoast_head_json":{"title":"Lib\u00e9ration des \u00e9motions - Les enfantZatypiques","description":"Lib\u00e9ration des \u00e9motions St\u00e9phanie Fr\u00e9chin utilise les techniques EFT pour aider vos enfants atypiques \u00e0 s'int\u00e9grer","robots":{"index":"index","follow":"follow","max-snippet":"max-snippet:-1","max-image-preview":"max-image-preview:large","max-video-preview":"max-video-preview:-1"},"canonical":"https:\/\/enfantzatypiques.org\/index.php\/liberation-des-emotions\/","og_locale":"fr_FR","og_type":"article","og_title":"Lib\u00e9ration des \u00e9motions - Les enfantZatypiques","og_description":"Lib\u00e9ration des \u00e9motions St\u00e9phanie Fr\u00e9chin utilise les techniques EFT pour aider vos enfants atypiques \u00e0 s'int\u00e9grer","og_url":"https:\/\/enfantzatypiques.org\/index.php\/liberation-des-emotions\/","og_site_name":"Les enfantZatypiques","article_modified_time":"2024-07-29T06:57:05+00:00","og_image":[{"url":"http:\/\/enfantzatypiques.org\/wp-content\/uploads\/2024\/07\/TLE-1-1024x1005.jpg","type":"","width":"","height":""}],"twitter_card":"summary_large_image","twitter_misc":{"Dur\u00e9e de lecture estim\u00e9e":"3 minutes"},"schema":{"@context":"https:\/\/schema.org","@graph":[{"@type":"WebPage","@id":"https:\/\/enfantzatypiques.org\/index.php\/liberation-des-emotions\/","url":"https:\/\/enfantzatypiques.org\/index.php\/liberation-des-emotions\/","name":"Lib\u00e9ration des \u00e9motions - Les enfantZatypiques","isPartOf":{"@id":"http:\/\/enfantzatypiques.org\/#website"},"primaryImageOfPage":{"@id":"https:\/\/enfantzatypiques.org\/index.php\/liberation-des-emotions\/#primaryimage"},"image":{"@id":"https:\/\/enfantzatypiques.org\/index.php\/liberation-des-emotions\/#primaryimage"},"thumbnailUrl":"http:\/\/enfantzatypiques.org\/wp-content\/uploads\/2024\/07\/TLE-1-1024x1005.jpg","datePublished":"2024-07-14T13:31:56+00:00","dateModified":"2024-07-29T06:57:05+00:00","description":"Lib\u00e9ration des \u00e9motions St\u00e9phanie Fr\u00e9chin utilise les techniques EFT pour aider vos enfants atypiques \u00e0 s'int\u00e9grer","breadcrumb":{"@id":"https:\/\/enfantzatypiques.org\/index.php\/liberation-des-emotions\/#breadcrumb"},"inLanguage":"fr-FR","potentialAction":[{"@type":"ReadAction","target":["https:\/\/enfantzatypiques.org\/index.php\/liberation-des-emotions\/"]}]},{"@type":"ImageObject","inLanguage":"fr-FR","@id":"https:\/\/enfantzatypiques.org\/index.php\/liberation-des-emotions\/#primaryimage","url":"http:\/\/enfantzatypiques.org\/wp-content\/uploads\/2024\/07\/TLE-1.jpg","contentUrl":"http:\/\/enfantzatypiques.org\/wp-content\/uploads\/2024\/07\/TLE-1.jpg","width":1050,"height":1031,"caption":"Lib\u00e9ration des \u00e9motions"},{"@type":"BreadcrumbList","@id":"https:\/\/enfantzatypiques.org\/index.php\/liberation-des-emotions\/#breadcrumb","itemListElement":[{"@type":"ListItem","position":1,"name":"Accueil","item":"http:\/\/enfantzatypiques.org\/"},{"@type":"ListItem","position":2,"name":"Lib\u00e9ration des \u00e9motions"}]},{"@type":"WebSite","@id":"http:\/\/enfantzatypiques.org\/#website","url":"http:\/\/enfantzatypiques.org\/","name":"Les enfantZatypiques","description":"Comment soigner les enfants atypiques ?","publisher":{"@id":"http:\/\/enfantzatypiques.org\/#\/schema\/person\/8c2673b14bbe39f5978d3c9c517dfebd"},"potentialAction":[{"@type":"SearchAction","target":{"@type":"EntryPoint","urlTemplate":"http:\/\/enfantzatypiques.org\/?s={search_term_string}"},"query-input":{"@type":"PropertyValueSpecification","valueRequired":true,"valueName":"search_term_string"}}],"inLanguage":"fr-FR"},{"@type":["Person","Organization"],"@id":"http:\/\/enfantzatypiques.org\/#\/schema\/person\/8c2673b14bbe39f5978d3c9c517dfebd","name":"St\u00e9phanie Fr\u00e9chin","image":{"@type":"ImageObject","inLanguage":"fr-FR","@id":"https:\/\/enfantzatypiques.org\/wp-content\/uploads\/2024\/07\/cropped-logo-stephanie-frechin.jpg","url":"https:\/\/enfantzatypiques.org\/wp-content\/uploads\/2024\/07\/cropped-logo-stephanie-frechin.jpg","contentUrl":"https:\/\/enfantzatypiques.org\/wp-content\/uploads\/2024\/07\/cropped-logo-stephanie-frechin.jpg","width":512,"height":512,"caption":"St\u00e9phanie Fr\u00e9chin"},"logo":{"@id":"https:\/\/enfantzatypiques.org\/wp-content\/uploads\/2024\/07\/cropped-logo-stephanie-frechin.jpg"},"sameAs":["http:\/\/www.enfantzatypiques.com"]}]}},"_links":{"self":[{"href":"http:\/\/enfantzatypiques.org\/index.php\/wp-json\/wp\/v2\/pages\/624","targetHints":{"allow":["GET"]}}],"collection":[{"href":"http:\/\/enfantzatypiques.org\/index.php\/wp-json\/wp\/v2\/pages"}],"about":[{"href":"http:\/\/enfantzatypiques.org\/index.php\/wp-json\/wp\/v2\/types\/page"}],"author":[{"embeddable":true,"href":"http:\/\/enfantzatypiques.org\/index.php\/wp-json\/wp\/v2\/users\/2"}],"replies":[{"embeddable":true,"href":"http:\/\/enfantzatypiques.org\/index.php\/wp-json\/wp\/v2\/comments?post=624"}],"version-history":[{"count":8,"href":"http:\/\/enfantzatypiques.org\/index.php\/wp-json\/wp\/v2\/pages\/624\/revisions"}],"predecessor-version":[{"id":905,"href":"http:\/\/enfantzatypiques.org\/index.php\/wp-json\/wp\/v2\/pages\/624\/revisions\/905"}],"wp:attachment":[{"href":"http:\/\/enfantzatypiques.org\/index.php\/wp-json\/wp\/v2\/media?parent=624"}],"curies":[{"name":"wp","href":"https:\/\/api.w.org\/{rel}","templated":true}]}}